8 - -1138. What are the prime factors of c?
2, 11, 53
Suppose 5*q + 5*h - 1230 = 0, 2*q - 222 = q + 5*h. Suppose 0 = 2*i - 4*i + q. List the prime factors of i.
11
Suppose u + 23*w - 20*w - 227 = 0, -4*u + 872 = 3*w. What are the prime factors of u?
5, 43
Let p(u) = 68*u**2 - 8*u - 5. What are the prime factors of p(-3)?
631
Let i be 1/4*10*12. Let f = i - 25. List the prime factors of f.
5
Let p = 1143 + -407. List the prime factors of p.
2, 23
Let k(s) = -s**3 - 3*s**2 - 14. Let p be k(0). List the prime factors of (2 + p)*(-23)/2 + 3.
3, 47
Let o be 0*(-5)/(-5) + (-22)/1. Let y(u) = u**3 + 21*u**2 - 29*u + 8. List the prime factors of y(o).
2, 3
Let l(i) = -i**3 + 6*i**2 - 5*i + 5. Let b be l(4). Let y = 13 + b. List the prime factors of y.
2, 3, 5
Suppose -2*u = -4*x + 6*x - 664, -5*u - 1004 = -3*x. List the prime factors of x.
3, 37
What are the prime factors of 12/(-8)*(-3072)/9 + -6?
2, 11, 23
Let w(x) = -98*x - 4. Suppose -5*l = -2*l - 2*r + 3, -18 = 3*l + 3*r. Let b be w(l). Suppose -b = -5*p - 40. What are the prime factors of p?
2, 5
Suppose 19*p = 10*p + 21465. What are the prime factors of p?
3, 5, 53
Let o be 0 + 105 + 3*9/9. What are the prime factors of (-6)/((-18)/15) + o?
113
Let s(v) = v**3 + 9*v**2 - 2*v - 8. Let d be s(-9). Suppose i - d - 13 = 0. List the prime factors of i.
23
Suppose 0 = 14*t + 23 + 621. Let g = -39 - t. List the prime factors of g.
7
Suppose 2 = l - 3. Suppose -3*p - 188 = -2*f, 10*f - p = l*f + 496. Suppose -i - i = -f. List the prime factors of i.
2, 5
Let y = 434 + 85. List the prime factors of y.
3, 173
Suppose 0 = -3*p + 2*n + 430, 21*p - 19*p = -n + 282. List the prime factors of p.
2, 71
Let k(c) = c**2 - 5*c - 18. Let q be k(-2). Let w(s) = 6*s**2 - 4*s + 12. List the prime factors of w(q).
2, 31
Let s = 81 + -79. Suppose x - s*t = -7*t + 196, -664 = -4*x + 4*t. List the prime factors of x.
3, 19
Let x be -2 + -3*(-6)/(-9). Let z be (-78)/x*20/15. Suppose -j - z = -2*j + 4*u, -5*u = -5. List the prime factors of j.
2, 3, 5
Let s(i) = 3*i**2 - 3*i - 100 + 2*i**2 + 104. Let t be s(2). Suppose -p = -48 - t. List the prime factors of p.
2, 3, 11
Let p be (3 - 1)*5/10 + 61. Suppose 4*n = -5*z + 324, -2*n = z - 4*n - p. What are the prime factors of z?
2
Suppose -5*r + 2 = 17, 5*f = -5*r + 1245. Let u be f + 2 + (-3 - -4). Suppose s - u = -5*h + 78, 5*h + 4*s = 327. List the prime factors of h.
67
Suppose -6*x + 1332 = -4*x + 2*j, -670 = -x + 3*j. What are the prime factors of x?
23, 29
Let x(d) = 11*d**3 + 6*d**2 - 10*d + 8. List the prime factors of x(3).
7, 47
Suppose 0 = -0*u + 3*u - 6. Let f(z) = z**3 + 21*z**2 - 24*z - 40. Let g be f(-22). Suppose g*c - 54 = u*c. List the prime factors of c.
3
Suppose 0 = 7*d - 988 + 127. Suppose 2*t = y + d, -188 = 4*t - 7*t + 5*y. List the prime factors of t.
61
Suppose 0 = 5*m - 6*m + 386. List the prime factors of m.
2, 193
Let m be 0*(((-12)/(-2))/3)/(-4). Suppose m*t = 5*t + 2*z - 492, -193 = -2*t + 3*z. What are the prime factors of t?
2, 7
Suppose -13*y - 3081 = -26*y. List the prime factors of y.
3, 79
Let q = -5 - -5. Suppose c + 0 - 5 = q. Suppose c*n = 58 + 32. List the prime factors of n.
2, 3
Let k(p) = p + 10*p**2 - p**3 - 2*p + 6 - 6*p - 3. List the prime factors of k(5).
3, 31
Let k = 7 - 12. Let q be 2*k/(15/(-6)). What are the prime factors of 0 + 2 + q + -1?
5
Let r be 10/3 + 4/(-12). Suppose 4*f + 5*b - 1 = 9, 13 = r*f + b. Suppose 3*c = 5*g - 111, 0 = f*g - 0*c - 2*c - 114. List the prime factors of g.
2, 3
Let j(h) = -60*h - 824. List the prime factors of j(-48).
2, 257
Suppose 0 = 3*s - 4*s + 8. List the prime factors of 9/(-6)*s/(-6).
2
Suppose i = 5*j + 847, -9*i + 1709 = -7*i - 5*j. List the prime factors of i.
2, 431
Suppose -q + 48 = q. Suppose -28*o = -q*o - 256. List the prime factors of o.
2
Let x = -31 - -59. Let v be 8/x - (-817)/7. Suppose -5*j = -3*a - v, 0 = -4*a + a - 12. List the prime factors of j.
3, 7
Let y be 0*3/(-12) + 3 + 3. Suppose 0 = y*t - 32 - 832. What are the prime factors of t?
2, 3
Let w(h) = -4*h - 7. Suppose 4*t + 13 = 1. What are the prime factors of w(t)?
5
Let b = 29 - 12. Let m = b - -6. Let f = m + -11. List the prime factors of f.
2, 3
Let i = -24 + 27. List the prime factors of (i/(-9))/(1*(-3)/531).
59
Suppose -11*k + 9*k = 962. Let a = 801 + k. List the prime factors of a.
2, 5
Suppose 5*a + 15 = g + 40, -4*a = -2*g - 14. Let l(c) = c**3 - c**2 - 5*c + 4. Let r be l(3). Suppose -a = -o + r. List the prime factors of o.
13
Let c(l) = 12*l**2 + 123*l + 4. List the prime factors of c(-11).
103
Suppose 10 = -3*u + 5*b, 27 - 2 = 5*b. Suppose -6 = -u*o + 14. Suppose 75 = o*d - 9. What are the prime factors of d?
3, 7
Let f(k) = 10*k - 2 - 5*k + 2 - 10. What are the prime factors of f(7)?
5
What are the prime factors of ((-589)/(-62))/(-1 - (-66)/64)?
2, 19
Let t be (20/(-15))/(2*(-2)/18). Suppose -3*q = -t*q + 306. List the prime factors of q.
2, 3, 17
Let k(r) = -r**3 - 11*r**2 - 9*r + 10. Let y be k(-10). Suppose -f + 31 + 24 = y. List the prime factors of f.
5, 11
List the prime factors of -4 - (-208 - (12 - 6)).
2, 3, 5, 7
Suppose 16*a - 31711 = -3*a. List the prime factors of a.
1669
List the prime factors of (2/5)/(-8 - 39044/(-4880)).
2, 61
Let c(v) = -5*v**3 - 6*v**2 + 10*v + 15. Let k(d) = 3*d**3 + 3*d**2 - 5*d - 7. Let r(z) = 4*c(z) + 7*k(z). List the prime factors of r(5).
2, 43
Suppose -h + 2*h = -150. Let p = -86 - h. What are the prime factors of p?
2
List the prime factors of 1640/3 - -3*5/45.
547
Suppose 4*g = y - g - 28, -48 = -4*y + 4*g. Suppose 0 = 2*h - o - 9, 3*o - 1 = y. List the prime factors of h.
2, 3
Suppose 6*i = 8*i - 4. Let y be 1/(i*(-2)/(-12)). Suppose 0 = -4*w + y*w + 5. What are the prime factors of w?
5
Suppose 24 - 4 = 10*z. Suppose -z*r - 6 = 0, r + 632 = 5*p - 3*r. What are the prime factors of p?
2, 31
Suppose 4*i = -5*m + 583, -i = -0*i + 4*m - 154. What are the prime factors of i + 1*(-4 - -7)?
5, 29
Let n(s) = -s**2 + 3*s + 4. Let j be (-3 - 0 - 1)*-1. Suppose -j = w + 3*i - 16, 4*w + 5*i = 27. List the prime factors of n(w).
2
Let o = -461 - -1480. What are the prime factors of o?
1019
Let p(t) = 3*t**3 - 6*t**2 - 6*t + 9. Let s be p(5). Suppose -s - 183 = -3*a. What are the prime factors of a?
3, 43
Let n = 35 - -434. List the prime factors of n.
7, 67
Let l(x) be the first derivative of -5*x + 1 + 2/3*x**3 + 9/2*x**2. List the prime factors of l(-7).
2, 3, 5
Suppose 0*j - 6 = -3*j. Suppose 3*s = -5*g + 88, 2*g + j*g + 4*s - 72 = 0. List the prime factors of g.
17
Suppose -3872 = -i + 3*m, -2*m - 21 = -19. List the prime factors of i.
53, 73
Suppose 5*a - 666 - 5769 = -5*o, -12 = -3*a. List the prime factors of o.
1283
Let z be ((-3)/4)/(3/(-60)). Suppose 2*k + 30 = 2*j, 0 = 3*k - 0*k + z. List the prime factors of 24*1*j/4.
2, 3, 5
Let u = 159 - 151. What are the prime factors of 119 + (-13 + 19 - u/2)?
11
Let t = -10 - -14. List the prime factors of 1 + 3 + 34 + t.
2, 3, 7
Let y be ((-2)/(-3) + -1)/((-7)/294). List the prime factors of 772/y - 2/14.
5, 11
Suppose -30*h = -38*h + 1088. Suppose -113 = h*i - 137*i. What are the prime factors of i?
113
Let u(n) = 16*n**3 - n**2 + 32*n - 111. List the prime factors of u(5).
2, 11, 23
Suppose 3*n - 38 = -5*g, 10 = -n + 2*g + 2*g. Suppose 0 = 2*s - n*s - m + 884, 3*m = 5*s - 1105. What are the prime factors of s?
13, 17
Suppose 2*s - 5*s + 351 = 0. Let c = -12 - -17. Suppose -c*h + s = -53. What are the prime factors of h?
2, 17
List the prime factors of (6 + 3245/(-15))*-3.
631
Let r(i) = -3*i**2 - 7*i**2 - 40 - i**3 - 24*i - 9*i**2 + i**2. What are the prime factors of r(-17)?
79
Suppose -5445 = -4*w - 11*w. List the prime factors of w.
3, 11
Let n(j) = -j - 1 - 6*j**3 + 0 - 5*j**3 - 12*j**3. What are the prime factors of n(-1)?
23
Let k(j) = 35*j**2 - 42*j - 200. What are the prime factors of k(-4)?
2, 3, 11
Let g = 257 + -122. Suppose -2*m - 5*o + g = 0, 205 = 3*m + m - 3*o. List the prime factors of m.
5, 11
Suppose -4*j + 793 = 5*x - 4087, 0 = 3*j + 4*x - 3661. What are the prime factors of j?
3, 5
Let j = 5 + -19. Let q = j - -8. List the prime factors of ((-22)/q)/(8/48).
2, 11
Let t = -4 + 16. Let b = t - 5. Suppose 3*o + b = 58. What are the prime factors of o?
17
Let r be (39/6)/((-3)/(-6)). Let v be